{"id":124,"date":"2025-11-22T12:05:11","date_gmt":"2025-11-22T12:05:11","guid":{"rendered":"http:\/\/przedszkole124.eu\/?page_id=124"},"modified":"2025-11-22T12:07:53","modified_gmt":"2025-11-22T12:07:53","slug":"ramowy-rozklad-dnia","status":"publish","type":"page","link":"https:\/\/przedszkole124.eu\/index.php\/ramowy-rozklad-dnia\/","title":{"rendered":"Ramowy rozk\u0142ad dnia"},"content":{"rendered":"\t\t<div data-elementor-type=\"wp-page\" data-elementor-id=\"124\" class=\"elementor elementor-124\">\n\t\t\t\t\t\t<section class=\"elementor-section elementor-top-section elementor-element elementor-element-ceb5f19 elementor-section-boxed elementor-section-height-default elementor-section-height-default\" data-id=\"ceb5f19\" data-element_type=\"section\" data-e-type=\"section\">\n\t\t\t\t\t\t<div class=\"elementor-container elementor-column-gap-default\">\n\t\t\t\t\t<div class=\"elementor-column elementor-col-100 elementor-top-column elementor-element elementor-element-ec9e3ca\" data-id=\"ec9e3ca\" data-element_type=\"column\" data-e-type=\"column\">\n\t\t\t<div class=\"elementor-widget-wrap elementor-element-populated\">\n\t\t\t\t\t\t<div class=\"elementor-element elementor-element-277a384 elementor-widget elementor-widget-text-editor\" data-id=\"277a384\" data-element_type=\"widget\" data-e-type=\"widget\" data-widget_type=\"text-editor.default\">\n\t\t\t\t\t\t\t\t\t<div><h3>REALIZACJA PODSTAWY PROGRAMOWEJ W GODZ.\u00a07:00\u00a0\u2013 17:00<\/h3><\/div><h6><span class=\"bold\">Godzina 7.00 \u2013 8.30<\/span><\/h6><p>Inspirowanie do spontanicznej dzia\u0142alno\u015bci zabawowej \u2013 zabawy dowolne wed\u0142ug zainteresowa\u0144, s\u0142u\u017c\u0105ce realizacji pomys\u0142\u00f3w dzieci. Kontakty indywidualne \u2013 wspieranie i rozwijanie uzdolnie\u0144 dzieci. Inicjowanie rozm\u00f3w \u2013 dzielenie si\u0119 w\u0142asnymi spostrze\u017ceniami i prze\u017cyciami. Przestrzeganie praw do wszechstronnego rozwoju. Integrowanie dzieci w zabawach ruchowych,\u00a0 w ma\u0142ych zespo\u0142ach i z ca\u0142\u0105 grup\u0105. Stwarzanie \u00a0mo\u017cliwo\u015bci do samodzielnego nabywania przez dzieci nawyk\u00f3w higienicznych zwi\u0105zanych z samoobs\u0142ug\u0105 i czynno\u015bciami porz\u0105dkowymi podczas pobytu w przedszkolu dostosowuj\u0105c do potrzeb.<\/p><h6><span class=\"bold\">Od godziny 9.00\u00a0 do 11.00<\/span><\/h6><p>Aktywizowanie dzieci do udzia\u0142u w planowaniu zaj\u0119\u0107 dydaktycznych oraz w\u0142asnej pracy z zachowaniem indywidualnego tempa oraz mo\u017cliwo\u015bci rozwojowych. Stwarzanie sytuacji edukacyjno-zabawowych, stymuluj\u0105cych wszechstronny rozw\u00f3j, sprzyjaj\u0105cych swobodnemu wypowiadaniu si\u0119. Organizowanie \u015brodowiska inspiruj\u0105cego podejmowanie zabaw badawczych, tematycznych, konstrukcyjnych, ruchowych i dydaktycznych uwzgl\u0119dniaj\u0105c mo\u017cliwo\u015bci i potrzeby dziecka. Wspieranie dzia\u0142a\u0144 tw\u00f3rczych zwi\u0105zanych ze swobodn\u0105 aktywno\u015bci\u0105 artystyczn\u0105: plastyczna, teatraln\u0105, muzyczn\u0105, s\u0142own\u0105 i ruchow\u0105.<\/p><h6><span class=\"bold\"><strong>Od godziny 11.00<\/strong><\/span><\/h6><p>Zach\u0119canie do spontanicznej i zorganizowanej aktywno\u015bci ruchowej. Tworzenie warunk\u00f3w do samodzielnego do\u015bwiadczania \u201cpo omacku\u201d \u015brodowiska przyrodniczego i spo\u0142ecznego w najbli\u017cszym i dalszym otoczeniu przedszkola. Obserwowanie, odkrywanie, eksperymentowanie, badanie zjawisk wed\u0142ug potrzeb i zainteresowa\u0144 dzieci. Przestrzeganie zasad post\u0119powania warunkuj\u0105cych bezpiecze\u0144stwo dziecka w budynku, w ogrodzie i poza terenem przedszkola.<\/p><h6><span class=\"bold\"><strong>Godziny 12.30 \u2013 17.00<\/strong><\/span><\/h6><p>Wyciszanie. Zapewnienie dzieciom r\u00f3\u017cnych form relaksu \u2013 s\u0142uchanie bajek, muzyki relaksacyjnej. Rozwijanie zainteresowa\u0144 \u00a0i uzdolnie\u0144 dzieci poprzez dawanie wyboru w podejmowaniu samodzielnych dzia\u0142a\u0144 w my\u015bl zasady \u201cnajlepsza nauka to zabawa\u201d. Umo\u017cliwienie dzieciom wyra\u017canie emocji i prze\u017cy\u0107 poprzez swobodn\u0105 ekspresj\u0119 werbaln\u0105 niewerbaln\u0105 i artystyczn\u0105 . Wzajemna wymiana informacji :dziecko-dziecko, dziecko-doros\u0142y, doros\u0142y-dziecko. Obserwacja dziecka w dzia\u0142aniu i pe\u0142nienie przez nauczyciela roli doradcy-mentora.<\/p><h6><strong>Posi\u0142ki z zachowaniem zasad zdrowego od\u017cywiania<\/strong><\/h6><p>8:30 \u2013 9.00\u00a0\u015bniadanie<\/p><p>ok.10:30\u00a0 II \u015bniadanie \u2013 owoce lub warzywa<\/p><p>12:00 \u2013 12:30\u00a0obiad<\/p><p>ok. 15:00\u00a0podwieczorek<\/p>\t\t\t\t\t\t\t\t<\/div>\n\t\t\t\t\t<\/div>\n\t\t<\/div>\n\t\t\t\t\t<\/div>\n\t\t<\/section>\n\t\t\t\t<\/div>\n\t\t","protected":false},"excerpt":{"rendered":"<p>REALIZACJA PODSTAWY PROGRAMOWEJ W GODZ.\u00a07:00\u00a0\u2013 17:00 Godzina 7.00 \u2013 8.30 Inspirowanie do spontanicznej dzia\u0142alno\u015bci zabawowej \u2013 zabawy dowolne wed\u0142ug zainteresowa\u0144, s\u0142u\u017c\u0105ce realizacji pomys\u0142\u00f3w dzieci. Kontakty indywidualne \u2013 wspieranie i rozwijanie uzdolnie\u0144 dzieci. Inicjowanie rozm\u00f3w \u2013 dzielenie si\u0119 w\u0142asnymi spostrze\u017ceniami i prze\u017cyciami. Przestrzeganie praw do wszechstronnego rozwoju. Integrowanie dzieci w zabawach ruchowych,\u00a0 w ma\u0142ych zespo\u0142ach i [&hellip;]<\/p>\n","protected":false},"author":1,"featured_media":0,"parent":0,"menu_order":0,"comment_status":"closed","ping_status":"closed","template":"","meta":{"ocean_post_layout":"","ocean_both_sidebars_style":"","ocean_both_sidebars_content_width":0,"ocean_both_sidebars_sidebars_width":0,"ocean_sidebar":"","ocean_second_sidebar":"","ocean_disable_margins":"enable","ocean_add_body_class":"","ocean_shortcode_before_top_bar":"","ocean_shortcode_after_top_bar":"","ocean_shortcode_before_header":"","ocean_shortcode_after_header":"","ocean_has_shortcode":"","ocean_shortcode_after_title":"","ocean_shortcode_before_footer_widgets":"","ocean_shortcode_after_footer_widgets":"","ocean_shortcode_before_footer_bottom":"","ocean_shortcode_after_footer_bottom":"","ocean_display_top_bar":"default","ocean_display_header":"default","ocean_header_style":"","ocean_center_header_left_menu":"","ocean_custom_header_template":"","ocean_custom_logo":0,"ocean_custom_retina_logo":0,"ocean_custom_logo_max_width":0,"ocean_custom_logo_tablet_max_width":0,"ocean_custom_logo_mobile_max_width":0,"ocean_custom_logo_max_height":0,"ocean_custom_logo_tablet_max_height":0,"ocean_custom_logo_mobile_max_height":0,"ocean_header_custom_menu":"","ocean_menu_typo_font_family":"","ocean_menu_typo_font_subset":"","ocean_menu_typo_font_size":0,"ocean_menu_typo_font_size_tablet":0,"ocean_menu_typo_font_size_mobile":0,"ocean_menu_typo_font_size_unit":"px","ocean_menu_typo_font_weight":"","ocean_menu_typo_font_weight_tablet":"","ocean_menu_typo_font_weight_mobile":"","ocean_menu_typo_transform":"","ocean_menu_typo_transform_tablet":"","ocean_menu_typo_transform_mobile":"","ocean_menu_typo_line_height":0,"ocean_menu_typo_line_height_tablet":0,"ocean_menu_typo_line_height_mobile":0,"ocean_menu_typo_line_height_unit":"","ocean_menu_typo_spacing":0,"ocean_menu_typo_spacing_tablet":0,"ocean_menu_typo_spacing_mobile":0,"ocean_menu_typo_spacing_unit":"","ocean_menu_link_color":"","ocean_menu_link_color_hover":"","ocean_menu_link_color_active":"","ocean_menu_link_background":"","ocean_menu_link_hover_background":"","ocean_menu_link_active_background":"","ocean_menu_social_links_bg":"","ocean_menu_social_hover_links_bg":"","ocean_menu_social_links_color":"","ocean_menu_social_hover_links_color":"","ocean_disable_title":"default","ocean_disable_heading":"default","ocean_post_title":"","ocean_post_subheading":"","ocean_post_title_style":"","ocean_post_title_background_color":"","ocean_post_title_background":0,"ocean_post_title_bg_image_position":"","ocean_post_title_bg_image_attachment":"","ocean_post_title_bg_image_repeat":"","ocean_post_title_bg_image_size":"","ocean_post_title_height":0,"ocean_post_title_bg_overlay":0.5,"ocean_post_title_bg_overlay_color":"","ocean_disable_breadcrumbs":"default","ocean_breadcrumbs_color":"","ocean_breadcrumbs_separator_color":"","ocean_breadcrumbs_links_color":"","ocean_breadcrumbs_links_hover_color":"","ocean_display_footer_widgets":"default","ocean_display_footer_bottom":"default","ocean_custom_footer_template":"","footnotes":""},"class_list":["post-124","page","type-page","status-publish","hentry","entry"],"_links":{"self":[{"href":"https:\/\/przedszkole124.eu\/index.php\/wp-json\/wp\/v2\/pages\/124","targetHints":{"allow":["GET"]}}],"collection":[{"href":"https:\/\/przedszkole124.eu\/index.php\/wp-json\/wp\/v2\/pages"}],"about":[{"href":"https:\/\/przedszkole124.eu\/index.php\/wp-json\/wp\/v2\/types\/page"}],"author":[{"embeddable":true,"href":"https:\/\/przedszkole124.eu\/index.php\/wp-json\/wp\/v2\/users\/1"}],"replies":[{"embeddable":true,"href":"https:\/\/przedszkole124.eu\/index.php\/wp-json\/wp\/v2\/comments?post=124"}],"version-history":[{"count":7,"href":"https:\/\/przedszkole124.eu\/index.php\/wp-json\/wp\/v2\/pages\/124\/revisions"}],"predecessor-version":[{"id":134,"href":"https:\/\/przedszkole124.eu\/index.php\/wp-json\/wp\/v2\/pages\/124\/revisions\/134"}],"wp:attachment":[{"href":"https:\/\/przedszkole124.eu\/index.php\/wp-json\/wp\/v2\/media?parent=124"}],"curies":[{"name":"wp","href":"https:\/\/api.w.org\/{rel}","templated":true}]}}

Ramowy rozkład dnia

<div data-elementor-type="wp-page" data-elementor-id="124" class="elementor elementor-124">
						<section class="elementor-section elementor-top-section elementor-element elementor-element-ceb5f19 elementor-section-boxed elementor-section-height-default elementor-section-height-default" data-id="ceb5f19" data-element_type="section" data-e-type="section">
						<div class="elementor-container elementor-column-gap-default">
					<div class="elementor-column elementor-col-100 elementor-top-column elementor-element elementor-element-ec9e3ca" data-id="ec9e3ca" data-element_type="column" data-e-type="column">
			<div class="elementor-widget-wrap elementor-element-populated">
						<div class="elementor-element elementor-element-277a384 elementor-widget elementor-widget-text-editor" data-id="277a384" data-element_type="widget" data-e-type="widget" data-widget_type="text-editor.default">
									<div><h3>REALIZACJA PODSTAWY PROGRAMOWEJ W GODZ. 7:00 – 17:00</h3></div><h6><span class="bold">Godzina 7.00 – 8.30</span></h6><p>Inspirowanie do spontanicznej działalności zabawowej – zabawy dowolne według zainteresowań, służące realizacji pomysłów dzieci. Kontakty indywidualne – wspieranie i rozwijanie uzdolnień dzieci. Inicjowanie rozmów – dzielenie się własnymi spostrzeżeniami i przeżyciami. Przestrzeganie praw do wszechstronnego rozwoju. Integrowanie dzieci w zabawach ruchowych,  w małych zespołach i z całą grupą. Stwarzanie  możliwości do samodzielnego nabywania przez dzieci nawyków higienicznych związanych z samoobsługą i czynnościami porządkowymi podczas pobytu w przedszkolu dostosowując do potrzeb.</p><h6><span class="bold">Od godziny 9.00  do 11.00</span></h6><p>Aktywizowanie dzieci do udziału w planowaniu zajęć dydaktycznych oraz własnej pracy z zachowaniem indywidualnego tempa oraz możliwości rozwojowych. Stwarzanie sytuacji edukacyjno-zabawowych, stymulujących wszechstronny rozwój, sprzyjających swobodnemu wypowiadaniu się. Organizowanie środowiska inspirującego podejmowanie zabaw badawczych, tematycznych, konstrukcyjnych, ruchowych i dydaktycznych uwzględniając możliwości i potrzeby dziecka. Wspieranie działań twórczych związanych ze swobodną aktywnością artystyczną: plastyczna, teatralną, muzyczną, słowną i ruchową.</p><h6><span class="bold"><strong>Od godziny 11.00</strong></span></h6><p>Zachęcanie do spontanicznej i zorganizowanej aktywności ruchowej. Tworzenie warunków do samodzielnego doświadczania “po omacku” środowiska przyrodniczego i społecznego w najbliższym i dalszym otoczeniu przedszkola. Obserwowanie, odkrywanie, eksperymentowanie, badanie zjawisk według potrzeb i zainteresowań dzieci. Przestrzeganie zasad postępowania warunkujących bezpieczeństwo dziecka w budynku, w ogrodzie i poza terenem przedszkola.</p><h6><span class="bold"><strong>Godziny 12.30 – 17.00</strong></span></h6><p>Wyciszanie. Zapewnienie dzieciom różnych form relaksu – słuchanie bajek, muzyki relaksacyjnej. Rozwijanie zainteresowań  i uzdolnień dzieci poprzez dawanie wyboru w podejmowaniu samodzielnych działań w myśl zasady “najlepsza nauka to zabawa”. Umożliwienie dzieciom wyrażanie emocji i przeżyć poprzez swobodną ekspresję werbalną niewerbalną i artystyczną . Wzajemna wymiana informacji :dziecko-dziecko, dziecko-dorosły, dorosły-dziecko. Obserwacja dziecka w działaniu i pełnienie przez nauczyciela roli doradcy-mentora.</p><h6><strong>Posiłki z zachowaniem zasad zdrowego odżywiania</strong></h6><p>8:30 – 9.00 śniadanie</p><p>ok.10:30  II śniadanie – owoce lub warzywa</p><p>12:00 – 12:30 obiad</p><p>ok. 15:00 podwieczorek</p>								</div>
					</div>
		</div>
					</div>
		</section>
				</div>

<p>REALIZACJA PODSTAWY PROGRAMOWEJ W GODZ. 7:00 – 17:00 Godzina 7.00 – 8.30 Inspirowanie do spontanicznej działalności zabawowej – zabawy dowolne według zainteresowań, służące realizacji pomysłów dzieci. Kontakty indywidualne – wspieranie i rozwijanie uzdolnień dzieci. Inicjowanie rozmów – dzielenie się własnymi spostrzeżeniami i przeżyciami. Przestrzeganie praw do wszechstronnego rozwoju. Integrowanie dzieci w zabawach ruchowych,  w małych zespołach i [&hellip;]</p>
