{"id":227,"date":"2025-11-22T13:35:38","date_gmt":"2025-11-22T13:35:38","guid":{"rendered":"http:\/\/przedszkole124.eu\/?page_id=227"},"modified":"2025-11-22T13:36:13","modified_gmt":"2025-11-22T13:36:13","slug":"monitoring","status":"publish","type":"page","link":"https:\/\/przedszkole124.eu\/index.php\/monitoring\/","title":{"rendered":"Monitoring"},"content":{"rendered":"\t\t<div data-elementor-type=\"wp-page\" data-elementor-id=\"227\" class=\"elementor elementor-227\">\n\t\t\t\t\t\t<section class=\"elementor-section elementor-top-section elementor-element elementor-element-074d09a elementor-section-boxed elementor-section-height-default elementor-section-height-default\" data-id=\"074d09a\" data-element_type=\"section\" data-e-type=\"section\">\n\t\t\t\t\t\t<div class=\"elementor-container elementor-column-gap-default\">\n\t\t\t\t\t<div class=\"elementor-column elementor-col-100 elementor-top-column elementor-element elementor-element-6f174b0\" data-id=\"6f174b0\" data-element_type=\"column\" data-e-type=\"column\">\n\t\t\t<div class=\"elementor-widget-wrap elementor-element-populated\">\n\t\t\t\t\t\t<div class=\"elementor-element elementor-element-a619429 elementor-widget elementor-widget-text-editor\" data-id=\"a619429\" data-element_type=\"widget\" data-e-type=\"widget\" data-widget_type=\"text-editor.default\">\n\t\t\t\t\t\t\t\t\t<p><strong>Obowi\u0105zek informacyjny w zwi\u0105zku z przetwarzaniem danych osobowych \u2013 monitoring<\/strong><\/p><p><strong>\u00a0<\/strong><\/p><ol><li>Administratorem danych osobowych jest Przedszkole nr 124 (dalej: \u201eADMINISTRATOR\u201d), z siedzib\u0105: Dzielna 15B, 01-129 Warszawa. Z Administratorem mo\u017cna si\u0119 kontaktowa\u0107 pisemnie, za pomoc\u0105 poczty tradycyjnej na w\/w adres lub drog\u0105 e-mailow\u0105 pod adresem: p124@eduwarszawa.pl<\/li><li>Administrator wyznaczy\u0142 Inspektora Ochrony Danych, z kt\u00f3rym mo\u017cna si\u0119 skontaktowa\u0107 pod adresem mailowym: iod.dbfowol@eduwarszawa.pl<\/li><li>Dane osobowe s\u0105 przetwarzane na podstawie rozporz\u0105dzenia Parlamentu Europejskiego i Rady (UE) 2016\/679 z dnia 27 kwietnia 2016 r. w sprawie ochrony os\u00f3b fizycznych w zwi\u0105zku z przetwarzaniem danych osobowych i w sprawie swobodnego przep\u0142ywu takich danych oraz uchylenia dyrektywy 95\/46\/WE (og\u00f3lne rozporz\u0105dzenie o ochronie danych), ustawy z dnia 14 grudnia 2016 r. Prawo o\u015bwiatowe.<\/li><li>Przetwarzanie odbywa si\u0119 w celu zapewnienia bezpiecze\u0144stwa os\u00f3b i mienia w obszarze obj\u0119tym monitoringiem,<br \/>z zastrze\u017ceniem, \u017ce monitoring nie mo\u017ce s\u0142u\u017cy\u0107 do monitorowania pracy pracownik\u00f3w \u2013 art. 6 ust. 1 lit. e RODO w zwi\u0105zku z art. 108a ustawy Prawo o\u015bwiatowe.<\/li><li>Zapisy z monitoringu przechowywane s\u0105 7 dni od dnia nagrania. W przypadku, w kt\u00f3rym nagrania obrazu stanowi\u0105 dow\u00f3d w post\u0119powaniu prowadzonym na podstawie prawa lub pracodawca powzi\u0105\u0142 wiadomo\u015b\u0107, i\u017c mog\u0105 one stanowi\u0107 dow\u00f3d w post\u0119powaniu, termin ten ulega przed\u0142u\u017ceniu do czasu prawomocnego zako\u0144czenia post\u0119powania. Po up\u0142ywie tych okres\u00f3w uzyskane w wyniku monitoringu nagrania obrazu zawieraj\u0105ce dane osobowe podlegaj\u0105 zniszczeniu.<\/li><li>Administrator nie zamierza przekazywa\u0107 danych do pa\u0144stwa trzeciego lub organizacji mi\u0119dzynarodowej.<\/li><li>Administrator nie zamierza przekazywa\u0107 danych osobowych, a je\u017celi musia\u0142oby to nast\u0105pi\u0107, to tylko na podstawie przepis\u00f3w prawa lub zawartych um\u00f3w powierzenia przetwarzania danych osobowych.<\/li><li>Osoba, kt\u00f3rej dane dotycz\u0105 posiada prawo do:<\/li><li>\u017c\u0105dania dost\u0119pu do danych osobowych, ich sprostowania, usuni\u0119cia lub ograniczenia przetwarzania;<\/li><li>wniesienia sprzeciwu wobec przetwarzania, a tak\u017ce prawo do przenoszenia danych;<\/li><li>wniesienia skargi na dzia\u0142ania Administratora do Prezesa Urz\u0119du Ochrony Danych Osobowych.<\/li><li>Podanie danych osobowych wynika z zadania administratora realizowanego w interesie publicznym. Podanie ich jest obowi\u0105zkowe ze wzgl\u0119du na wej\u015bcie na teren monitorowany.<\/li><li>Administrator nie przewiduje zautomatyzowanego podejmowania decyzji.<\/li><\/ol>\t\t\t\t\t\t\t\t<\/div>\n\t\t\t\t\t<\/div>\n\t\t<\/div>\n\t\t\t\t\t<\/div>\n\t\t<\/section>\n\t\t\t\t<\/div>\n\t\t","protected":false},"excerpt":{"rendered":"<p>Obowi\u0105zek informacyjny w zwi\u0105zku z przetwarzaniem danych osobowych \u2013 monitoring \u00a0 Administratorem danych osobowych jest Przedszkole nr 124 (dalej: \u201eADMINISTRATOR\u201d), z siedzib\u0105: Dzielna 15B, 01-129 Warszawa. Z Administratorem mo\u017cna si\u0119 kontaktowa\u0107 pisemnie, za pomoc\u0105 poczty tradycyjnej na w\/w adres lub drog\u0105 e-mailow\u0105 pod adresem: p124@eduwarszawa.pl Administrator wyznaczy\u0142 Inspektora Ochrony Danych, z kt\u00f3rym mo\u017cna si\u0119 skontaktowa\u0107 [&hellip;]<\/p>\n","protected":false},"author":1,"featured_media":0,"parent":0,"menu_order":0,"comment_status":"closed","ping_status":"closed","template":"","meta":{"ocean_post_layout":"","ocean_both_sidebars_style":"","ocean_both_sidebars_content_width":0,"ocean_both_sidebars_sidebars_width":0,"ocean_sidebar":"","ocean_second_sidebar":"","ocean_disable_margins":"enable","ocean_add_body_class":"","ocean_shortcode_before_top_bar":"","ocean_shortcode_after_top_bar":"","ocean_shortcode_before_header":"","ocean_shortcode_after_header":"","ocean_has_shortcode":"","ocean_shortcode_after_title":"","ocean_shortcode_before_footer_widgets":"","ocean_shortcode_after_footer_widgets":"","ocean_shortcode_before_footer_bottom":"","ocean_shortcode_after_footer_bottom":"","ocean_display_top_bar":"default","ocean_display_header":"default","ocean_header_style":"","ocean_center_header_left_menu":"","ocean_custom_header_template":"","ocean_custom_logo":0,"ocean_custom_retina_logo":0,"ocean_custom_logo_max_width":0,"ocean_custom_logo_tablet_max_width":0,"ocean_custom_logo_mobile_max_width":0,"ocean_custom_logo_max_height":0,"ocean_custom_logo_tablet_max_height":0,"ocean_custom_logo_mobile_max_height":0,"ocean_header_custom_menu":"","ocean_menu_typo_font_family":"","ocean_menu_typo_font_subset":"","ocean_menu_typo_font_size":0,"ocean_menu_typo_font_size_tablet":0,"ocean_menu_typo_font_size_mobile":0,"ocean_menu_typo_font_size_unit":"px","ocean_menu_typo_font_weight":"","ocean_menu_typo_font_weight_tablet":"","ocean_menu_typo_font_weight_mobile":"","ocean_menu_typo_transform":"","ocean_menu_typo_transform_tablet":"","ocean_menu_typo_transform_mobile":"","ocean_menu_typo_line_height":0,"ocean_menu_typo_line_height_tablet":0,"ocean_menu_typo_line_height_mobile":0,"ocean_menu_typo_line_height_unit":"","ocean_menu_typo_spacing":0,"ocean_menu_typo_spacing_tablet":0,"ocean_menu_typo_spacing_mobile":0,"ocean_menu_typo_spacing_unit":"","ocean_menu_link_color":"","ocean_menu_link_color_hover":"","ocean_menu_link_color_active":"","ocean_menu_link_background":"","ocean_menu_link_hover_background":"","ocean_menu_link_active_background":"","ocean_menu_social_links_bg":"","ocean_menu_social_hover_links_bg":"","ocean_menu_social_links_color":"","ocean_menu_social_hover_links_color":"","ocean_disable_title":"default","ocean_disable_heading":"default","ocean_post_title":"","ocean_post_subheading":"","ocean_post_title_style":"","ocean_post_title_background_color":"","ocean_post_title_background":0,"ocean_post_title_bg_image_position":"","ocean_post_title_bg_image_attachment":"","ocean_post_title_bg_image_repeat":"","ocean_post_title_bg_image_size":"","ocean_post_title_height":0,"ocean_post_title_bg_overlay":0.5,"ocean_post_title_bg_overlay_color":"","ocean_disable_breadcrumbs":"default","ocean_breadcrumbs_color":"","ocean_breadcrumbs_separator_color":"","ocean_breadcrumbs_links_color":"","ocean_breadcrumbs_links_hover_color":"","ocean_display_footer_widgets":"default","ocean_display_footer_bottom":"default","ocean_custom_footer_template":"","footnotes":""},"class_list":["post-227","page","type-page","status-publish","hentry","entry"],"_links":{"self":[{"href":"https:\/\/przedszkole124.eu\/index.php\/wp-json\/wp\/v2\/pages\/227","targetHints":{"allow":["GET"]}}],"collection":[{"href":"https:\/\/przedszkole124.eu\/index.php\/wp-json\/wp\/v2\/pages"}],"about":[{"href":"https:\/\/przedszkole124.eu\/index.php\/wp-json\/wp\/v2\/types\/page"}],"author":[{"embeddable":true,"href":"https:\/\/przedszkole124.eu\/index.php\/wp-json\/wp\/v2\/users\/1"}],"replies":[{"embeddable":true,"href":"https:\/\/przedszkole124.eu\/index.php\/wp-json\/wp\/v2\/comments?post=227"}],"version-history":[{"count":4,"href":"https:\/\/przedszkole124.eu\/index.php\/wp-json\/wp\/v2\/pages\/227\/revisions"}],"predecessor-version":[{"id":231,"href":"https:\/\/przedszkole124.eu\/index.php\/wp-json\/wp\/v2\/pages\/227\/revisions\/231"}],"wp:attachment":[{"href":"https:\/\/przedszkole124.eu\/index.php\/wp-json\/wp\/v2\/media?parent=227"}],"curies":[{"name":"wp","href":"https:\/\/api.w.org\/{rel}","templated":true}]}}

<div data-elementor-type="wp-page" data-elementor-id="227" class="elementor elementor-227">
						<section class="elementor-section elementor-top-section elementor-element elementor-element-074d09a elementor-section-boxed elementor-section-height-default elementor-section-height-default" data-id="074d09a" data-element_type="section" data-e-type="section">
						<div class="elementor-container elementor-column-gap-default">
					<div class="elementor-column elementor-col-100 elementor-top-column elementor-element elementor-element-6f174b0" data-id="6f174b0" data-element_type="column" data-e-type="column">
			<div class="elementor-widget-wrap elementor-element-populated">
						<div class="elementor-element elementor-element-a619429 elementor-widget elementor-widget-text-editor" data-id="a619429" data-element_type="widget" data-e-type="widget" data-widget_type="text-editor.default">
									<p><strong>Obowiązek informacyjny w związku z przetwarzaniem danych osobowych – monitoring</strong></p><p><strong> </strong></p><ol><li>Administratorem danych osobowych jest Przedszkole nr 124 (dalej: „ADMINISTRATOR”), z siedzibą: Dzielna 15B, 01-129 Warszawa. Z Administratorem można się kontaktować pisemnie, za pomocą poczty tradycyjnej na w/w adres lub drogą e-mailową pod adresem: p124@eduwarszawa.pl</li><li>Administrator wyznaczył Inspektora Ochrony Danych, z którym można się skontaktować pod adresem mailowym: iod.dbfowol@eduwarszawa.pl</li><li>Dane osobowe są przetwarzane na podstawie rozporządzenia Parlamentu Europejskiego i Rady (UE) 2016/679 z dnia 27 kwietnia 2016 r. w sprawie ochrony osób fizycznych w związku z przetwarzaniem danych osobowych i w sprawie swobodnego przepływu takich danych oraz uchylenia dyrektywy 95/46/WE (ogólne rozporządzenie o ochronie danych), ustawy z dnia 14 grudnia 2016 r. Prawo oświatowe.</li><li>Przetwarzanie odbywa się w celu zapewnienia bezpieczeństwa osób i mienia w obszarze objętym monitoringiem,<br />z zastrzeżeniem, że monitoring nie może służyć do monitorowania pracy pracowników – art. 6 ust. 1 lit. e RODO w związku z art. 108a ustawy Prawo oświatowe.</li><li>Zapisy z monitoringu przechowywane są 7 dni od dnia nagrania. W przypadku, w którym nagrania obrazu stanowią dowód w postępowaniu prowadzonym na podstawie prawa lub pracodawca powziął wiadomość, iż mogą one stanowić dowód w postępowaniu, termin ten ulega przedłużeniu do czasu prawomocnego zakończenia postępowania. Po upływie tych okresów uzyskane w wyniku monitoringu nagrania obrazu zawierające dane osobowe podlegają zniszczeniu.</li><li>Administrator nie zamierza przekazywać danych do państwa trzeciego lub organizacji międzynarodowej.</li><li>Administrator nie zamierza przekazywać danych osobowych, a jeżeli musiałoby to nastąpić, to tylko na podstawie przepisów prawa lub zawartych umów powierzenia przetwarzania danych osobowych.</li><li>Osoba, której dane dotyczą posiada prawo do:</li><li>żądania dostępu do danych osobowych, ich sprostowania, usunięcia lub ograniczenia przetwarzania;</li><li>wniesienia sprzeciwu wobec przetwarzania, a także prawo do przenoszenia danych;</li><li>wniesienia skargi na działania Administratora do Prezesa Urzędu Ochrony Danych Osobowych.</li><li>Podanie danych osobowych wynika z zadania administratora realizowanego w interesie publicznym. Podanie ich jest obowiązkowe ze względu na wejście na teren monitorowany.</li><li>Administrator nie przewiduje zautomatyzowanego podejmowania decyzji.</li></ol>								</div>
					</div>
		</div>
					</div>
		</section>
				</div>

<p>Obowiązek informacyjny w związku z przetwarzaniem danych osobowych – monitoring   Administratorem danych osobowych jest Przedszkole nr 124 (dalej: „ADMINISTRATOR”), z siedzibą: Dzielna 15B, 01-129 Warszawa. Z Administratorem można się kontaktować pisemnie, za pomocą poczty tradycyjnej na w/w adres lub drogą e-mailową pod adresem: p124@eduwarszawa.pl Administrator wyznaczył Inspektora Ochrony Danych, z którym można się skontaktować [&hellip;]</p>
